5*j**2/2 + 7*j + 5. Let b be q(-6). Calculate the greatest common factor of 13 and b.
13
Let d be (-423)/(-21) + (12/(-21))/4. What is the highest common divisor of d and 3?
1
Suppose 32*m - 12 = 28*m. Suppose 5*s - 5*q - 145 = 0, s - m*q = -0*s + 21. Calculate the greatest common divisor of s and 22.
11
Let k be 40/15*45/(-12). Let d = 5 + k. Let q = d + 8. What is the greatest common divisor of q and 15?
3
Suppose -5*q + 7*k - 4*k = -19, 0 = -5*k - 15. Suppose -99 = -h - q*h. Let n be (616/(-42))/((-2)/h). What is the highest common divisor of n and 22?
22
Let l(n) = n**2 + 2*n + 196. Let d(o) = -3*o. Let i be d(0). Let z be l(i). What is the highest common factor of 28 and z?
28
Let o(g) = 34*g + 283. Let p be o(-8). What is the highest common factor of 55 and p?
11
Suppose -3*x - 13 = -25. Suppose -x = -5*o - 9, -5*z = o - 124. Calculate the highest common divisor of z and 5.
5
Suppose o - 2*n - 7 = 2, -90 = -5*o - 5*n. Let u be 3*5/(o/8). Let m(j) = -5*j + 12. Let p be m(0). Calculate the highest common divisor of u and p.
4
Let q be 93/7 + 10/(-35). Let t = -7 + q. Suppose 4*k - 33 = -0*k - 3*r, -5*r = 4*k - 23. What is the greatest common factor of t and k?
6
Let l be 41*10 + (-290)/145. What is the greatest common divisor of 12 and l?
12
Let g(l) = -l**3 - 4*l**2 + 4*l - 14. Let z be g(-8). What is the highest common divisor of 63 and z?
21
Suppose 0 = 4*c - 33 - 27. Suppose -2*w + 28 - 10 = 0. Suppose -3*q = -6*q + w. What is the greatest common divisor of q and c?
3
Let n = 4 + 29. Let c be 6/n - 144/66. Let h be 480/25*(c - -7). What is the greatest common factor of h and 12?
12
Suppose 8*u - 285 - 51 = 0. Suppose -105 + 87 = -3*l. Calculate the greatest common divisor of u and l.
6
Let n = -102 + 214. Calculate the highest common factor of 7 and n.
7
Let n = 377 - 338. Calculate the highest common factor of n and 26.
13
Suppose 3*j + 5*v + 27 = 6*j, 5*j - 26 = 2*v. Let g = 5 + j. Calculate the highest common divisor of g and 45.
9
Let y(h) = h**2 - 8*h + 3. Let w be y(9). Let d be 8/(-1)*(-6)/w. Suppose 2*t - 12 = -d. Calculate the greatest common factor of 1 and t.
1
Let w be -54 + (-5 - -2) + 2. Let u be (-780)/w + (-6)/33. Calculate the highest common divisor of 28 and u.
14
Let q = -30 - -24. Let y(w) = -6*w + 6. Let j be y(q). Calculate the greatest common factor of j and 14.
14
Let s(u) = -2*u**3 + u**2 - u - 2. Let q be s(3). Let p = q - -74. What is the greatest common divisor of 168 and p?
24
Let l be 15730/90 + (-6)/(-27). Calculate the highest common factor of l and 25.
25
Let t = -353 + 427. What is the greatest common factor of 851 and t?
37
Let c(g) = g**3 + 13*g**2 - 7*g + 2. Let i(z) = -z**2 - z. Let f(l) = c(l) + 4*i(l). Let o be f(-10). Calculate the greatest common divisor of o and 16.
4
Suppose -14*z + 8*z = -450. Suppose -z = 10*f - 13*f. What is the greatest common divisor of f and 125?
25
Suppose 2*r - 146 = 52. Suppose 0 = -2*c, -3*z = 4*c + 12 - r. What is the greatest common divisor of 145 and z?
29
Let v = -1908 + 2092. What is the highest common divisor of 161 and v?
23
Let q(n) = 2*n**2 - 32*n + 20. Let w be q(15). Let i be 4427/95 - 4/w. What is the highest common factor of 94 and i?
47
Let s be (-1344)/(-576) - 2/((-12)/226). What is the greatest common divisor of 30 and s?
10
Let l be (63/6 + 0)/(3/52). What is the greatest common divisor of 14 and l?
14
Let o(b) = -b**3 - 11*b**2 - 11*b + 15. Let w be o(-11). Calculate the highest common factor of w and 85.
17
Let n(r) = -r**3 - 2*r**2 + 4*r - 5. Let b be n(-4). Let o = -5 + b. Suppose 0 = y + o - 41. What is the greatest common divisor of 5 and y?
5
Let g(i) = 11*i + 56. Let l be g(-5). What is the highest common divisor of 9 and l?
1
Suppose -2*y = -4*u + 6, 4*u - y = 4*y + 9. Let z be -1*(u - 34) + -3. Let q = 14 + -2. Calculate the highest common divisor of q and z.
6
Let m(c) = -c**3 - 14*c**2 + 34*c + 39. Let y be m(-16). Calculate the highest common divisor of 217 and y.
7
Let c = -66 + 73. What is the highest common divisor of c and 133?
7
Suppose 4*s - 5*z = 70, 3*s - 39 = -3*z + 27. Let i = 133 - 123. Calculate the greatest common divisor of i and s.
10
Let m be (-6)/((-189)/(-70) + -3). Let b(o) = 79*o**2 + 2*o - 1. Let p be b(1). What is the greatest common factor of p and m?
20
Let s(g) = 10*g - 16. Let p be s(5). Calculate the greatest common divisor of p and 374.
34
Suppose 0 = 4*k - l - 806 + 134, 2*k - 336 = -2*l. Let u = -14 + 35. Calculate the greatest common factor of u and k.
21
Let r = -50 + -76. Let f = -15 - r. Let b = f - 12. Calculate the highest common factor of b and 11.
11
Let c(d) = -95*d - 17. Let x be c(-7). What is the greatest common factor of 48 and x?
24
Let o be (4 + -8)*(-13 - 1)/14. Suppose -26 = -4*j - 5*m, 3*m + 7 = 3*j + 1. Calculate the highest common divisor of j and o.
4
Let h(n) = n**3 - n**2 + n + 3. Let m be h(3). Suppose 2*z - 33 = -3*i, 2*z - 5*i - 94 + 21 = 0. What is the greatest common factor of z and m?
24
Let j = -12 - -23. Suppose 5 = -d, 4*m = -2*d - d - j. Let h(g) = 8*g**3 - g**2 + 1. Let p be h(m). What is the highest common divisor of 88 and p?
8
Suppose 2492 = -25*g + 7867. What is the highest common divisor of 15 and g?
5
Let p(l) = 4*l**2 - 4*l + 14. Let c = -65 + 59. Let r be p(c). Calculate the greatest common divisor of r and 26.
26
Suppose 7*d - 13*d = -144. Suppose 0 = 2*u - 64 + 16. Calculate the greatest common divisor of u and d.
24
Let f = 68 - 43. Let j = f - -11. What is the greatest common divisor of j and 9?
9
Let z = 200 + -30. What is the highest common divisor of z and 765?
85
Suppose -4*z - 8 = 3*r, -9 - 1 = 2*z. Let i = -2 + r. Let t = 25 - 22. Calculate the greatest common factor of t and i.
1
Let p be (-184)/(-4) - (2 - 0). Suppose 24 = -s + 7*s. What is the highest common divisor of p and s?
4
Let m = -79 - -79. Suppose m = -7*b + b + 36. What is the greatest common factor of 66 and b?
6
Let y(x) = -x**3 - x**2 + 3*x + 2. Let j be y(0). Suppose 3*p + 20 = -g + j*g, 2*p - 16 = -3*g. What is the highest common factor of g and 24?
8
Let n be 45/6*(6 - 4). Suppose 5*k = -5*u + n, -16 = k + 3*k. What is the greatest common factor of u and 63?
7
Suppose -5183 = -18*y + 739. What is the highest common factor of 47 and y?
47
Suppose -83 = -5*w + 407. Let c(r) = -3*r + 28. Let n be c(0). Let i be (n/3)/(6/(-27)*-3). What is the highest common divisor of i and w?
14
Let c be 2047/4 + 8/(-32)*-1. Calculate the greatest common divisor of c and 4.
4
Let v = 719 - 716. Let o = -7 - -28. Calculate the greatest common factor of v and o.
3
Suppose 5 = -5*x, -h - 2*x + 3*x - 15 = 0. Let w be 6/h + (-166)/(-16). Suppose w*z = 8*z + 64. Calculate the greatest common factor of z and 8.
8
Let t = -29 - -34. Suppose 4*i - 13 = t*w, 5*i - 50 + 6 = -3*w. What is the greatest common divisor of i and 63?
7
Suppose 0 = -0*t - 4*t + 48. Let h(n) = -2*n**2 + 12*n + 2. Let o be h(6). Suppose -o*c + 18 + 6 = 0. What is the greatest common divisor of c and t?
12
Let v(i) = 18 + 3*i - 3*i + 3*i + 12. Let b be v(6). What is the highest common factor of b and 24?
24
Suppose -17 + 42 = -5*n. Let s(x) = -x + 11. Let f be s(n). Calculate the highest common divisor of 64 and f.
16
Let z be -36*((-3)/7 - 40/21). Let k = -77 + z. What is the greatest common divisor of 21 and k?
7
Let j be ((-4)/(-2))/(8/(-20)). Let i be (-236)/(-16) - ((-15)/(-12))/j. Calculate the greatest common factor of i and 15.
15
Let r = -37 + 107. Let b = -159 + 169. Calculate the greatest common factor of r and b.
10
Let c(m) be the third derivative of m**5/20 + m**4/4 + m**3/2 - 3*m**2. Let n be c(-6). Suppose -h + n = 19. What is the highest common factor of 14 and h?
14
Let d be (-1)/5*-6*5. Suppose 0 = -g - x + d, -g - 4*x = -2*g + 16. Suppose -2*i - i + 96 = 0. Calculate the greatest common factor of i and g.
8
Suppose 0 = -4*r + 8*r - 16. Suppose -4*k - 32 = r*a, a = 3*k + 1 + 19. Let q = k + 21. What is the greatest common divisor of 21 and q?
7
Let p = 5 - 3. Suppose -p*i = i - 6. Suppose -i*w = w - 54. Calculate the highest common factor of 90 and w.
18
Suppose -y + 5*g = 145, 3*g + 455 = -3*y - 2*g. Let q = 249 + y. What is the highest common divisor of q and 9?
9
Suppose -l + 5*c = -542 + 46, 5*l = 5*c + 2420. Calcu